*l - 906. Calculate v(23).
244
Let s(t) = t**3 - 6*t**2 + 887*t - 5341. Calculate s(6).
-19
Let d(t) = t**3 - 291*t**2 - 50921*t - 437. Give d(414).
-23
Let t(p) = -10*p**2 - 1017*p + 7973. Determine t(-109).
16
Let s(g) = 3*g**3 - 4*g**2 - 151*g + 228. What is s(7)?
4
Let y(u) = 3*u**2 - 231*u + 5717. Give y(66).
3539
Let m(j) = -3*j**3 + 40*j**2 + 100*j + 29. Determine m(-2).
13
Let p(t) = 21*t**2 + 608*t + 1214. Calculate p(-2).
82
Let z(d) = 8*d**2 - 625*d + 1941. Calculate z(75).
66
Let t(h) = h**3 + 67*h**2 + 94*h + 6262. Give t(-67).
-36
Let z(v) = 5060*v + 232768. Calculate z(-46).
8
Let d(m) = -29138*m + 291380. Calculate d(10).
0
Let b(v) = 39*v**2 + 4177*v + 383. Give b(-107).
-45
Let i(z) = 781*z + 6049. Determine i(-8).
-199
Let g(r) = -7*r**2 - 563*r + 232900. Determine g(-227).
-2
Let j(r) = r**3 - 136*r**2 - 475*r + 6751. What is j(139)?
-1311
Let q(t) = 3*t**2 - 4326*t - 146026. Determine q(-33).
-1
Let l(v) = 5*v**3 + 24*v**2 - 399*v - 2289. Determine l(-6).
-111
Let t(a) = 18*a**2 + 989*a + 904. Give t(-54).
-14
Let v(w) = 1311*w - 1286. What is v(1)?
25
Let f(u) = u**3 - 12*u**2 - 1103*u - 218. Calculate f(-28).
-694
Let b(o) = 16*o**3 - 144*o**2 + o + 99. Determine b(9).
108
Let s(b) = 20211*b - 9135362. What is s(452)?
10
Let f(a) = -366*a + 3711. Give f(13).
-1047
Let t(k) = -5*k**2 + 32*k - 338. Determine t(33).
-4727
Let j(z) = -5*z**3 - 53*z**2 + 205*z + 2066. Calculate j(-11).
53
Let d(u) = 6945*u + 55560. Calculate d(-8).
0
Let a(d) = -13*d**2 - 362*d - 1452. Calculate a(-4).
-212
Let n(a) = -18*a**2 - 11333*a - 309517. Give n(-601).
-2
Let f(p) = p**2 + 8*p - 484. Calculate f(17).
-59
Let v(s) = 15722*s - 314681. Give v(20).
-241
Let v(l) = 663*l + 170673. Calculate v(-257).
282
Let x(w) = 2*w**2 + 2643*w + 10568. Calculate x(-4).
28
Let q(l) = -115*l**2 - 161*l + 649. Calculate q(4).
-1835
Let m(g) = -4*g**3 + 13*g**2 - 1863*g + 3713. What is m(2)?
7
Let b(p) = 1816*p - 3860. What is b(3)?
1588
Let d(i) = 612*i**2 + 103434*i + 948. Give d(-169).
-66
Let w(q) = 2*q**2 + 6203*q + 4722101. Give w(-1760).
21
Let j(h) = -223*h**3 - 457*h**2 + 23*h + 100. Give j(-2).
10
Let s(w) = -10842*w - 1583053. Determine s(-146).
-121
Let s(b) = 163*b**2 + 1628*b - 18. Determine s(-10).
2
Let b(z) = z**3 + 43*z**2 - 244*z - 6900. Calculate b(-45).
30
Let j(u) = -7*u**3 + 53*u**2 - 48*u + 43. Determine j(7).
-97
Let a(u) = -u**3 - 6*u**2 + 273*u + 2582. Give a(-9).
368
Let f(w) = -752906*w - 9787774. Calculate f(-13).
4
Let n(j) = -j**3 - 35*j**2 - 351*j + 230. Give n(-18).
1040
Let g(d) = -2*d**2 + 633*d + 20781. What is g(-30)?
-9
Let x(j) = -24995*j - 524895. Determine x(-21).
0
Let s(u) = -293294*u - 293320. Give s(-1).
-26
Let q(l) = 5*l**2 - 15492*l + 77470. Determine q(5).
135
Let t(o) = -65*o**3 - 217*o**2 - 54*o. Calculate t(-3).
-36
Let z(v) = -9*v**3 + 266*v**2 + 127*v - 67. Determine z(30).
143
Let x(b) = 92634*b + 648246. Give x(-7).
-192
Let t(y) = y**3 - 35*y**2 - 572*y - 72. Determine t(47).
-448
Let a(l) = -3*l**2 + 69*l - 1038. Determine a(14).
-660
Let b(a) = 4*a**3 + a**2 - 19*a - 36. What is b(-4)?
-200
Let k(q) = 271*q**3 - 558*q**2 + 6*q - 14. Calculate k(2).
-66
Let l(b) = -7*b**3 - 25*b**2 - 5684*b - 22787. What is l(-4)?
-3
Let t(n) = 7*n**2 + 2376*n + 2374. Determine t(-1).
5
Let b(c) = -c**3 - 62*c**2 - 128*c - 748. Give b(-60).
-268
Let l(a) = -1034*a + 10842. Give l(11).
-532
Let b(v) = v**3 + 326*v**2 + 6238*v + 36111. What is b(-306)?
3
Let t(c) = 3*c**2 - 2284*c + 418586. What is t(454)?
-2
Let a(x) = x**3 + 22*x**2 - 336*x - 5892. What is a(-13)?
-3
Let c(a) = -70207*a - 69981. Determine c(-1).
226
Let c(j) = 2*j**3 - 9*j**2 - 22*j + 44. Determine c(4).
-60
Let q(r) = 15445*r + 46355. What is q(-3)?
20
Let z(k) = 22*k**3 - 93*k**2 - 5464*k + 185. What is z(18)?
5
Let y(h) = 1948*h**3 - 2*h**2 + 13*h + 14. Determine y(-1).
-1949
Let t(b) = 1020*b**2 - 3017*b - 127. What is t(3)?
2
Let i(b) = -146*b**2 + 191*b - 65. Calculate i(3).
-806
Let o(t) = -t**2 + 207*t + 24046. What is o(-83)?
-24
Let f(y) = -8*y**2 + 217*y - 498. Give f(12).
954
Let y(l) = l**3 - 50*l**2 + 22*l + 1850. Determine y(49).
527
Let b(c) = 190*c**2 + 28*c + 29. Calculate b(-1).
191
Let t(b) = 4*b**3 + 16*b**2 - 124*b + 728. Determine t(9).
3824
Let o(y) = -392274*y + 1569097. Give o(4).
1
Let v(n) = 5*n**3 - 1682*n**2 + 8938*n - 328. What is v(331)?
3
Let s(a) = -2849*a - 17054. Determine s(-6).
40
Let j(m) = -10*m**3 + 410*m**2 + 31*m - 27. What is j(41)?
1244
Let g(k) = -329*k**2 + 2236*k - 161. Give g(7).
-630
Let h(o) = 3*o**3 - 199*o**2 + 628*o - 99. Determine h(63).
-225
Let l(k) = k**3 + 783*k**2 + 13026*k + 3061. What is l(-766)?
-3
Let u(s) = 2*s**3 + 31*s**2 + 85*s + 171. What is u(-2)?
109
Let w(b) = -6*b**3 + 2334*b**2 + 3*b - 1706. Calculate w(389).
-539
Let q(b) = -44*b + 1147. Calculate q(19).
311
Let k(o) = -21*o**2 + 3299*o - 302. What is k(157)?
12
Let h(i) = 19*i - 2914. Calculate h(73).
-1527
Let o(p) = 112*p**2 - 3842*p - 6847. What is o(36)?
-7
Let p(b) = -486*b + 9276. What is p(17)?
1014
Let f(h) = h**3 - 467*h**2 + 17048*h + 1279. Give f(40).
-1
Let r(u) = 2*u**3 + 97*u**2 - 618*u - 23412. Give r(-50).
-12
Let w(m) = 224*m + 45918. Give w(-205).
-2
Let j(n) = n**3 + 93*n**2 + 153*n - 1344. Determine j(-5).
91
Let v(s) = 30*s**2 + 18015*s + 142206. Determine v(-8).
6
Let p(a) = a**3 - 197*a**2 - 653*a - 158071. Calculate p(204).
29
Let f(b) = 21*b**2 - 31*b + 243. Determine f(8).
1339
Let q(i) = 18*i**2 - 320*i - 751. Determine q(-2).
-39
Let b(p) = 153*p - 1291. Determine b(16).
1157
Let b(c) = 7348*c - 73515. What is b(10)?
-35
Let p(g) = 7*g**3 + 357*g**2 - 22*g - 279. What is p(-51)?
843
Let x(c) = -3*c**2 - 568*c - 5083. What is x(-9)?
-214
Let g(d) = -d**2 - 43575*d + 174336. Determine g(4).
20
Let g(h) = 2256*h + 99270. Determine g(-44).
6
Let c(u) = 15*u**3 - 53*u**2 + 406*u - 351. What is c(1)?
17
Let g(z) = 6*z**3 + 120*z**2 + 545*z + 654. What is g(-4)?
10
Let p(n) = n**3 - 251*n**2 - 261*n + 249262. Calculate p(248).
22
Let a(o) = -22*o**3 - 126*o**2 - 63*o - 281. Calculate a(-6).
313
Let d(z) = -140*z - 626. Give d(-12).
1054
Let u(z) = 960*z**2 + 51889*z + 2646. Give u(-54).
0
Let y(w) = 5*w**3 - 105*w**2 + 3*w - 2490. What is y(22)?
-4
Let z(y) = -12*y**3 - 41*y**2 + 193*y + 33. What is z(-6)?
-9
Let b(z) = 35*z**2 + 419*z - 1457. What is b(-15)?
133
Let q(v) = -63*v**2 - 4761*v + 2057. Determine q(-76).
5
Let x(g) = -3*g**2 + 98*g + 551. Give x(47).
-1470
Let i(u) = -1737*u + 12636. Determine i(7).
477
Let x(u) = -2*u**3 + 41*u**2 + 184*u + 134. Determine x(-4).
182
Let x(b) = 66*b**2 - 212*b - 174. Determine x(5).
416
Let n(l) = 2*l**3 + 69*l**2 - 117*l - 4022. Give n(-34).
1112
Let g(p) = -3450*p - 655494. Determine g(-190).
6
Let r(m) = -6*m**3 - 99*m**2 + 457*m + 30. Calculate r(-20).
-710
Let v(j) = -3*j**3 - 193*j**2 - 263*j - 681. Determine v(-63).
12
Let i(u) = -16792*u + 67153. Give i(4).
-15
Let w(k) = 749*k - 1784. What is w(4)?
1212
Let h(z) = -8*z**2 + 214*z - 1471. What is h(13)?
-41
Let o(t) = 11*t**3 + 165*t**2 - 667*t - 10014. Calculate o(-15).
-9
Let b(d) = -7*d**3 - 1105*d**2 + 3312*d + 98. What is b(3)?
-100
Let p(a) = -a**3 + 642*a**2 - 23215*a - 182101. Give p(603).
5
Let w(y) = y**3 + 270*y**2 + 1855*y + 3668. Give w(-263).
-14
Let d(v) = -979*v + 112587. Calculate d(115).
2
Let g(q) = 214*q**2 + 2797*q + 222. Determine g(-13).
27
Let c(x) = 1253*x**2 - 7466*x - 313. Calculate c(6).
-1
Let g(t) = -702*t + 16152. What is g(23)?
6
Let h(a) = 2*a**3 + 455*a**2 - 8043*a + 1722. Give h(-244).
-474
Let b(n) = -n**3 + 86*n**2 - 905*n - 38589. Determine b(41).
-49
Let p(r) = -6*r**2 + 4438*r + 57536. Determine p(-13).
-1172
Let s(d) = 19*d**2 + 469*d - 23. Calculate s(-26).
627
Let k(c) = c - 431. Determine k(-33).
-464
Let t(c) = -15*c**3 + 525*c**2 - 177*c + 6200. Determine t(35).
5
Let h(d) = 487*d - 280996. Determine h(577).
3
Let t(n) = 233*n + 188. Give t(2).
654
Let v(x) = -3*x**3 - 63*x**2 - 129*x - 270. Calculate v(-19).
15
Let w(i) = i**3 - 14*i**2 + 228*i - 12. What is w(14)?
3180
Let h(r) = 3*r**3 - 1230*r**2 - 28521*r + 3887. What is h(432)?
-1
Let h(a) = -4*a**2 - 493*a - 977. What is h(-2)?
-7
Let x(v) = 81*v + 7707. Give x(-96).
-69
Let b(z) = -6*z**3 - 2